{"id":28969,"date":"2025-11-12T17:17:19","date_gmt":"2025-11-12T20:17:19","guid":{"rendered":"https:\/\/brasilinovador.com.br\/guia\/?post_type=painel&#038;p=28969"},"modified":"2025-11-12T17:17:19","modified_gmt":"2025-11-12T20:17:19","slug":"semana-caldeira-congresso-de-inovacao-no-instituto-caldeira-porto-alegre-rs-brasil","status":"publish","type":"painel","link":"https:\/\/brasilinovador.com.br\/guia\/pagina\/semana-caldeira-congresso-de-inovacao-no-instituto-caldeira-porto-alegre-rs-brasil\/","title":{"rendered":"SEMANA CALDEIRA"},"author":4,"featured_media":28970,"template":"","estadocidade":[5640,4312,3987],"guia-categoria":[5731,6243,6753],"class_list":["post-28969","painel","type-painel","status-publish","has-post-thumbnail","hentry","estadocidade-brasil","estadocidade-porto-alegre","estadocidade-rs","guia-categoria-agenda","guia-categoria-setor-eventos","guia-categoria-agenda-mes-09-setembro"],"atividade":"CONGRESSO DE INOVA\u00c7\u00c3O NO CALDEIRA EM SETEMBRO EM PORTO ALEGRE RS","url_da_empresa":"https:\/\/semanacaldeira.com.br\/","palavras-chave":"A Semana Caldeira 2025 \u00e9 um dos maiores eventos de inova\u00e7\u00e3o e tecnologia do Brasil. Organizada pelo Instituto Caldeira, a edi\u00e7\u00e3o de 2025 tem como tema \"O maior risco \u00e9 n\u00e3o tomar risco\", inspirado na obra \"Arriscando a Pr\u00f3pria Pele\", de Nassim Taleb. O evento acontecer\u00e1 de 29 de setembro a 3 de outubro em Porto Alegre, no Instituto Caldeira.\r\n\r\nDestaques da Programa\u00e7\u00e3o\r\n\r\nO evento tem como objetivo principal conectar grandes empresas, startups, universidades e o setor p\u00fablico para impulsionar o ecossistema de inova\u00e7\u00e3o. A programa\u00e7\u00e3o inclui:\r\n\r\n5 dias de atividades: A programa\u00e7\u00e3o \u00e9 intensa, com eventos ocorrendo simultaneamente em v\u00e1rios palcos.\r\n\r\nMais de 100 atividades e 100 palestrantes: Ser\u00e3o palestras, pain\u00e9is, workshops e outras atividades focadas em temas como intelig\u00eancia artificial, transforma\u00e7\u00e3o digital, nova economia e o futuro dos neg\u00f3cios.\r\n\r\nP\u00fablico diversificado: A expectativa \u00e9 reunir 15 mil pessoas, entre profissionais, empreendedores, estudantes e investidores, para se atualizarem sobre as tend\u00eancias do mercado e ampliarem sua rede de contatos.\r\n\r\nPara saber mais sobre os palestrantes confirmados, a programa\u00e7\u00e3o completa e como se inscrever, \u00e9 recomendado acompanhar o site oficial e as redes sociais do Instituto Caldeira.","_video":"https:\/\/youtu.be\/ShOQuw-0Isw","_links":{"self":[{"href":"https:\/\/brasilinovador.com.br\/guia\/wp-json\/wp\/v2\/painel\/28969","targetHints":{"allow":["GET"]}}],"collection":[{"href":"https:\/\/brasilinovador.com.br\/guia\/wp-json\/wp\/v2\/painel"}],"about":[{"href":"https:\/\/brasilinovador.com.br\/guia\/wp-json\/wp\/v2\/types\/painel"}],"author":[{"embeddable":true,"href":"https:\/\/brasilinovador.com.br\/guia\/wp-json\/wp\/v2\/users\/4"}],"wp:featuredmedia":[{"embeddable":true,"href":"https:\/\/brasilinovador.com.br\/guia\/wp-json\/wp\/v2\/media\/28970"}],"wp:attachment":[{"href":"https:\/\/brasilinovador.com.br\/guia\/wp-json\/wp\/v2\/media?parent=28969"}],"wp:term":[{"taxonomy":"estadocidade","embeddable":true,"href":"https:\/\/brasilinovador.com.br\/guia\/wp-json\/wp\/v2\/estadocidade?post=28969"},{"taxonomy":"guia-categoria","embeddable":true,"href":"https:\/\/brasilinovador.com.br\/guia\/wp-json\/wp\/v2\/guia-categoria?post=28969"}],"curies":[{"name":"wp","href":"https:\/\/api.w.org\/{rel}","templated":true}]}}

CONGRESSO DE INOVAÇÃO NO CALDEIRA EM SETEMBRO EM PORTO ALEGRE RS

A Semana Caldeira 2025 é um dos maiores eventos de inovação e tecnologia do Brasil. Organizada pelo Instituto Caldeira, a edição de 2025 tem como tema "O maior risco é não tomar risco", inspirado na obra "Arriscando a Própria Pele", de Nassim Taleb. O evento acontecerá de 29 de setembro a 3 de outubro em Porto Alegre, no Instituto Caldeira.

Destaques da Programação

O evento tem como objetivo principal conectar grandes empresas, startups, universidades e o setor público para impulsionar o ecossistema de inovação. A programação inclui:

5 dias de atividades: A programação é intensa, com eventos ocorrendo simultaneamente em vários palcos.

Mais de 100 atividades e 100 palestrantes: Serão palestras, painéis, workshops e outras atividades focadas em temas como inteligência artificial, transformação digital, nova economia e o futuro dos negócios.

Público diversificado: A expectativa é reunir 15 mil pessoas, entre profissionais, empreendedores, estudantes e investidores, para se atualizarem sobre as tendências do mercado e ampliarem sua rede de contatos.

Para saber mais sobre os palestrantes confirmados, a programação completa e como se inscrever, é recomendado acompanhar o site oficial e as redes sociais do Instituto Caldeira.
