{"id":25520,"date":"2025-11-12T17:18:04","date_gmt":"2025-11-12T20:18:04","guid":{"rendered":"https:\/\/brasilinovador.com.br\/guia\/guia-pagina\/cdl-nh-camara-de-dirigentes-lojistas-de-novo-hamburgo-rs-brasil\/"},"modified":"2025-11-12T17:18:04","modified_gmt":"2025-11-12T20:18:04","slug":"cdl-nh-camara-de-dirigentes-lojistas-de-novo-hamburgo-rs-brasil","status":"publish","type":"painel","link":"https:\/\/brasilinovador.com.br\/guia\/pagina\/cdl-nh-camara-de-dirigentes-lojistas-de-novo-hamburgo-rs-brasil\/","title":{"rendered":"CDL NH"},"author":4,"featured_media":28766,"template":"","estadocidade":[5640,4275,3987],"guia-categoria":[5742,6229,6225],"class_list":["post-25520","painel","type-painel","status-publish","has-post-thumbnail","hentry","estadocidade-brasil","estadocidade-novo-hamburgo","estadocidade-rs","guia-categoria-entidades","guia-categoria-setor-moda","guia-categoria-setores"],"atividade":"C\u00e2mara de Dirigentes Lojistas de Novo Hamburgo ","url_da_empresa":"https:\/\/www.cdl-nh.com.br\/","palavras-chave":"Representar, integrar e promover a\u00e7\u00f5es que buscam a satisfa\u00e7\u00e3o dos nossos associados.\r\n\r\nDe Arnaldo Schmitz a Leonardo Lessa, muitos comerciantes passaram pela dire\u00e7\u00e3o da CDL, fazendo com que a entidade crescesse, desenvolvendo na pr\u00e1tica a sua filosofia de a\u00e7\u00e3o, ou seja, unir a classe em torno de ideais comuns.\r\n\r\nPromovendo o bom entendimento entre homens do com\u00e9rcio lojista, de modo a que o setor tivesse um desenvolvimento racional e harmonioso, a fim de melhor acompanhar o r\u00e1pido processo evolutivo.\r\n\r\nMiss\u00e3o\r\n\r\nRepresentar e apoiar nossos associados, promovendo a\u00e7\u00f5es para o desenvolvimento e fortalecimento dos seus neg\u00f3cios.\r\n\r\nVis\u00e3o de futuro\r\n\r\nSer refer\u00eancia em termos de representatividade, inova\u00e7\u00e3o e gest\u00e3o a n\u00edvel nacional.\r\n\r\nValores\r\n\r\n\u00c9tica nas rela\u00e7\u00f5es.\r\nComprometimento com associados.\r\nTranspar\u00eancia na gest\u00e3o.\r\nCompromisso com a sustentabilidade.\r\n\r\nNeg\u00f3cio\r\n\r\nFomentar o desenvolvimento do com\u00e9rcio, servi\u00e7o e ind\u00fastria.\r\n\r\nProp\u00f3sito\r\n\r\nRepresentar e promover o crescimento do com\u00e9rcio, servi\u00e7o e ind\u00fastria.","_video":"","_links":{"self":[{"href":"https:\/\/brasilinovador.com.br\/guia\/wp-json\/wp\/v2\/painel\/25520","targetHints":{"allow":["GET"]}}],"collection":[{"href":"https:\/\/brasilinovador.com.br\/guia\/wp-json\/wp\/v2\/painel"}],"about":[{"href":"https:\/\/brasilinovador.com.br\/guia\/wp-json\/wp\/v2\/types\/painel"}],"author":[{"embeddable":true,"href":"https:\/\/brasilinovador.com.br\/guia\/wp-json\/wp\/v2\/users\/4"}],"wp:featuredmedia":[{"embeddable":true,"href":"https:\/\/brasilinovador.com.br\/guia\/wp-json\/wp\/v2\/media\/28766"}],"wp:attachment":[{"href":"https:\/\/brasilinovador.com.br\/guia\/wp-json\/wp\/v2\/media?parent=25520"}],"wp:term":[{"taxonomy":"estadocidade","embeddable":true,"href":"https:\/\/brasilinovador.com.br\/guia\/wp-json\/wp\/v2\/estadocidade?post=25520"},{"taxonomy":"guia-categoria","embeddable":true,"href":"https:\/\/brasilinovador.com.br\/guia\/wp-json\/wp\/v2\/guia-categoria?post=25520"}],"curies":[{"name":"wp","href":"https:\/\/api.w.org\/{rel}","templated":true}]}}

Câmara de Dirigentes Lojistas de Novo Hamburgo

Representar, integrar e promover ações que buscam a satisfação dos nossos associados.

De Arnaldo Schmitz a Leonardo Lessa, muitos comerciantes passaram pela direção da CDL, fazendo com que a entidade crescesse, desenvolvendo na prática a sua filosofia de ação, ou seja, unir a classe em torno de ideais comuns.

Promovendo o bom entendimento entre homens do comércio lojista, de modo a que o setor tivesse um desenvolvimento racional e harmonioso, a fim de melhor acompanhar o rápido processo evolutivo.

Missão

Representar e apoiar nossos associados, promovendo ações para o desenvolvimento e fortalecimento dos seus negócios.

Visão de futuro

Ser referência em termos de representatividade, inovação e gestão a nível nacional.

Valores

Ética nas relações.
Comprometimento com associados.
Transparência na gestão.
Compromisso com a sustentabilidade.

Negócio

Fomentar o desenvolvimento do comércio, serviço e indústria.

Propósito

Representar e promover o crescimento do comércio, serviço e indústria.
